{"id":8725,"date":"2024-12-11T02:48:08","date_gmt":"2024-12-11T02:48:08","guid":{"rendered":"https:\/\/dtcs.adlabro.com\/?page_id=8725"},"modified":"2025-03-01T15:49:28","modified_gmt":"2025-03-01T15:49:28","slug":"centre-de-services-dtcs","status":"publish","type":"page","link":"https:\/\/dtcs-expect.org\/index.php\/centre-de-services-dtcs\/","title":{"rendered":"Centre de services DTCS"},"content":{"rendered":"\t\t<div data-elementor-type=\"wp-page\" data-elementor-id=\"8725\" class=\"elementor elementor-8725\" data-elementor-settings=\"{&quot;element_pack_global_tooltip_width&quot;:{&quot;unit&quot;:&quot;px&quot;,&quot;size&quot;:&quot;&quot;,&quot;sizes&quot;:[]},&quot;element_pack_global_tooltip_width_tablet&quot;:{&quot;unit&quot;:&quot;px&quot;,&quot;size&quot;:&quot;&quot;,&quot;sizes&quot;:[]},&quot;element_pack_global_tooltip_width_mobile&quot;:{&quot;unit&quot;:&quot;px&quot;,&quot;size&quot;:&quot;&quot;,&quot;sizes&quot;:[]},&quot;element_pack_global_tooltip_padding&quot;:{&quot;unit&quot;:&quot;px&quot;,&quot;top&quot;:&quot;&quot;,&quot;right&quot;:&quot;&quot;,&quot;bottom&quot;:&quot;&quot;,&quot;left&quot;:&quot;&quot;,&quot;isLinked&quot;:true},&quot;element_pack_global_tooltip_padding_tablet&quot;:{&quot;unit&quot;:&quot;px&quot;,&quot;top&quot;:&quot;&quot;,&quot;right&quot;:&quot;&quot;,&quot;bottom&quot;:&quot;&quot;,&quot;left&quot;:&quot;&quot;,&quot;isLinked&quot;:true},&quot;element_pack_global_tooltip_padding_mobile&quot;:{&quot;unit&quot;:&quot;px&quot;,&quot;top&quot;:&quot;&quot;,&quot;right&quot;:&quot;&quot;,&quot;bottom&quot;:&quot;&quot;,&quot;left&quot;:&quot;&quot;,&quot;isLinked&quot;:true},&quot;element_pack_global_tooltip_border_radius&quot;:{&quot;unit&quot;:&quot;px&quot;,&quot;top&quot;:&quot;&quot;,&quot;right&quot;:&quot;&quot;,&quot;bottom&quot;:&quot;&quot;,&quot;left&quot;:&quot;&quot;,&quot;isLinked&quot;:true},&quot;element_pack_global_tooltip_border_radius_tablet&quot;:{&quot;unit&quot;:&quot;px&quot;,&quot;top&quot;:&quot;&quot;,&quot;right&quot;:&quot;&quot;,&quot;bottom&quot;:&quot;&quot;,&quot;left&quot;:&quot;&quot;,&quot;isLinked&quot;:true},&quot;element_pack_global_tooltip_border_radius_mobile&quot;:{&quot;unit&quot;:&quot;px&quot;,&quot;top&quot;:&quot;&quot;,&quot;right&quot;:&quot;&quot;,&quot;bottom&quot;:&quot;&quot;,&quot;left&quot;:&quot;&quot;,&quot;isLinked&quot;:true}}\">\n\t\t\t\t<div class=\"elementor-element elementor-element-5b05a48 e-con-full e-flex e-con e-parent\" data-id=\"5b05a48\" data-element_type=\"container\">\n\t\t\t\t<div class=\"elementor-element elementor-element-fe889e9 elementor-widget elementor-widget-rt-inner-banner\" data-id=\"fe889e9\" data-element_type=\"widget\" data-widget_type=\"rt-inner-banner.default\">\n\t\t\t\t<div class=\"elementor-widget-container\">\n\t\t\t\n    <div class=\"panel\">\n        <div class=\"container max-w-xl\">\n            <div class=\"panel vstack justify-center text-center\" data-anime=\"onview: -100; targets: >*; translateY: [48, 0]; opacity: [0, 1]; easing: easeOutCubic; duration: 500; delay: anime.stagger(100, {start: 500});\">\n                <div class=\"panel vstack items-center gap-2 lg:gap-4 mb-4 sm:mb-6 lg:mb-8 max-w-750px mx-auto text-center\">\n                    <h1 class=\"h2 sm:h1 lg:display-6 xl:display-5 m-0\">\n                        Centre de services DTCS                    <\/h1>\n                    <p class=\"m-0 fs-3 mgb0\">\n                                            <\/p>\n                <\/div>\n                                    \n                    <div class=\"panel\">\n                        <div class=\"ratio ratio-1x1 rounded h-300px lg:h-400px xl:h-500px rounded uc-transition-toggle overflow-hidden\">\n                            <img decoding=\"async\" class=\"media-cover image uc-transition-scale-up uc-transition-opaque\" src=\"https:\/\/dt-sclt.com\/wp-content\/uploads\/2024\/12\/Centre-de-service-DTCS-2.jpg\" alt=\"image\">\n                        <\/div>\n                    <\/div>\n                            <\/div>\n        <\/div>\n    <\/div>       \n    \t\t<\/div>\n\t\t\t\t<\/div>\n\t\t\t\t<\/div>\n\t\t<div class=\"elementor-element elementor-element-f71448f animated-slow e-flex e-con-boxed elementor-invisible e-con e-parent\" data-id=\"f71448f\" data-element_type=\"container\" data-settings=\"{&quot;animation&quot;:&quot;fadeIn&quot;}\">\n\t\t\t\t\t<div class=\"e-con-inner\">\n\t\t\t\t<div class=\"elementor-element elementor-element-35603c7 elementor-widget elementor-widget-text-editor\" data-id=\"35603c7\" data-element_type=\"widget\" data-widget_type=\"text-editor.default\">\n\t\t\t\t<div class=\"elementor-widget-container\">\n\t\t\t\t\t\t\t<p><i><strong>S\u2019appuyant sur les ressources des diff\u00e9rents sites, et sur les espaces d\u00e9di\u00e9s DTCS-Exchange et ExPECT-Africa, le Centre de Services fournit aux experts et projets des ressources adapt\u00e9es, des appuis efficaces et fonctionnels pour:<\/strong><\/i><\/p><p>\u00a0<\/p><ol><li><i>L\u2019assistance administrative et logistique,<\/i><\/li><li><i>Des espaces &amp; facilit\u00e9s de travail,\u00a0<\/i><\/li><li><i>La facilitation et la promotion de projets,<\/i><\/li><li><i>La gestion d\u2019espace de communication th\u00e9matique<\/i><\/li><li><i>L\u2019organisation de coaching et de formations,<\/i><\/li><li><i>La gestion d\u2019expertises<\/i><\/li><\/ol>\t\t\t\t\t\t<\/div>\n\t\t\t\t<\/div>\n\t\t\t\t\t<\/div>\n\t\t\t\t<\/div>\n\t\t<div class=\"elementor-element elementor-element-08b73c0 e-grid e-con-boxed e-con e-parent\" data-id=\"08b73c0\" data-element_type=\"container\">\n\t\t\t\t\t<div class=\"e-con-inner\">\n\t\t\t\t<div class=\"elementor-element elementor-element-f502ad8 elementor-widget elementor-widget-spacer\" data-id=\"f502ad8\" data-element_type=\"widget\" data-widget_type=\"spacer.default\">\n\t\t\t\t<div class=\"elementor-widget-container\">\n\t\t\t\t\t<div class=\"elementor-spacer\">\n\t\t\t<div class=\"elementor-spacer-inner\"><\/div>\n\t\t<\/div>\n\t\t\t\t<\/div>\n\t\t\t\t<\/div>\n\t\t\t\t\t<\/div>\n\t\t\t\t<\/div>\n\t\t<div class=\"elementor-element elementor-element-6beffd5 e-flex e-con-boxed e-con e-parent\" data-id=\"6beffd5\" data-element_type=\"container\">\n\t\t\t\t\t<div class=\"e-con-inner\">\n\t\t\t\t\t<\/div>\n\t\t\t\t<\/div>\n\t\t\t\t<\/div>\n\t\t","protected":false},"excerpt":{"rendered":"<p>*; translateY: [48, 0]; opacity: [0, 1]; easing: easeOutCubic; duration: 500; delay: anime.stagger(100, {start: 500});&#8221;> Centre de services DTCS S\u2019appuyant sur les ressources des diff\u00e9rents sites, et sur les espaces d\u00e9di\u00e9s DTCS-Exchange et ExPECT-Africa, le Centre de Services fournit aux experts et projets des ressources adapt\u00e9es, des appuis efficaces et fonctionnels pour: \u00a0 L\u2019assistance administrative&#8230;<\/p>\n","protected":false},"author":1,"featured_media":0,"parent":0,"menu_order":0,"comment_status":"closed","ping_status":"closed","template":"elementor_header_footer","meta":{"footnotes":""},"class_list":["post-8725","page","type-page","status-publish","hentry"],"_links":{"self":[{"href":"https:\/\/dtcs-expect.org\/index.php\/wp-json\/wp\/v2\/pages\/8725","targetHints":{"allow":["GET"]}}],"collection":[{"href":"https:\/\/dtcs-expect.org\/index.php\/wp-json\/wp\/v2\/pages"}],"about":[{"href":"https:\/\/dtcs-expect.org\/index.php\/wp-json\/wp\/v2\/types\/page"}],"author":[{"embeddable":true,"href":"https:\/\/dtcs-expect.org\/index.php\/wp-json\/wp\/v2\/users\/1"}],"replies":[{"embeddable":true,"href":"https:\/\/dtcs-expect.org\/index.php\/wp-json\/wp\/v2\/comments?post=8725"}],"version-history":[{"count":28,"href":"https:\/\/dtcs-expect.org\/index.php\/wp-json\/wp\/v2\/pages\/8725\/revisions"}],"predecessor-version":[{"id":9145,"href":"https:\/\/dtcs-expect.org\/index.php\/wp-json\/wp\/v2\/pages\/8725\/revisions\/9145"}],"wp:attachment":[{"href":"https:\/\/dtcs-expect.org\/index.php\/wp-json\/wp\/v2\/media?parent=8725"}],"curies":[{"name":"wp","href":"https:\/\/api.w.org\/{rel}","templated":true}]}}